{"id":109,"date":"2026-04-21T08:22:22","date_gmt":"2026-04-21T06:22:22","guid":{"rendered":"https:\/\/hohluk.bplaced.net\/uebungsshop\/?post_type=product&#038;p=109"},"modified":"2026-04-21T08:22:22","modified_gmt":"2026-04-21T06:22:22","slug":"cremabella-cappuccino-tassen-set-8-teilig","status":"publish","type":"product","link":"https:\/\/hohluk.bplaced.net\/uebungsshop\/produkt\/cremabella-cappuccino-tassen-set-8-teilig\/","title":{"rendered":"Cremabella Cappuccino Tassen Set, 8-teilig"},"content":{"rendered":"<p>Stilvoller Genuss f\u00fcr echte Kaffeeliebhaber!<br \/>\nDie Cremabella Cappuccino Tasse vereint klassisches Design mit hochwertiger Verarbeitung. Ideal f\u00fcr den perfekten Cappuccino-Moment \u2013 ob zu Hause oder im Caf\u00e9.<br \/>\nFassungsverm\u00f6gen: 200 ml \u2013 ideal f\u00fcr Cappuccino nach italienischer Art<br \/>\nMaterial: Hochwertige Keramik oder Porzellan \u2013<br \/>\ndickwandig f\u00fcr optimale W\u00e4rmespeicherung<br \/>\nDesign: Elegante, bauchige Form mit komfortablem<br \/>\nHenkel \u2013 liegt gut in der Hand<br \/>\nPflege: Sp\u00fclmaschinengeeignet &amp; mikrowellenfest<br \/>\n<strong>Vorteile:<\/strong><\/p>\n<p>Dickwandige Qualit\u00e4t \u2013 h\u00e4lt den Cappuccino l\u00e4nger warm<br \/>\n\u2022 Perfekte Gr\u00f6\u00dfe f\u00fcr Milchschaum &amp; Latte Art<br \/>\n\u2022 Robust &amp; langlebig \u2013 ideal f\u00fcr den t\u00e4glichen Gebrauch<br \/>\n\u2022 Klassisches Design \u2013 passt zu jedem Geschirrstil<br \/>\n<strong>Dieses Kaffeetassen-Set besteht aus:<\/strong><br \/>\n\u2022 4 x Kaffeeobere 20 cl (Dunkelgrau gepunktet,unterschiedliche Innenfarben in Wei\u00df, Rosa, Lila, Braun)<br \/>\n\u2022 4 x Kaffeeuntere 14 cm (Dunkelgrau gepunktet)<br \/>\n<strong>Hinweis:<\/strong><br \/>\nDie Cremabella Cappuccino Tasse ist nicht nur funktional,<br \/>\nsondern auch ein stilvolles Statement f\u00fcr alle, die Kaffee<br \/>\nmit Liebe genie\u00dfen.<\/p>\n","protected":false},"excerpt":{"rendered":"<p>Das Cremabella Cappuccino Tassen Set \u2013 klassisch, elegant und perfekt f\u00fcr den t\u00e4glichen Kaffeegenuss.<\/p>\n<p>Die dickwandige Keramiktasse h\u00e4lt Ihr Getr\u00e4nk lange warmund liegt angenehm in der Hand. Ideal f\u00fcr stilvolle Cappuccino-Momente.<\/p>\n","protected":false},"featured_media":111,"comment_status":"open","ping_status":"closed","template":"","meta":[],"product_brand":[33],"product_cat":[64,41,66],"product_tag":[85,84],"class_list":{"0":"post-109","1":"product","2":"type-product","3":"status-publish","4":"has-post-thumbnail","6":"product_brand-chris-pico","7":"product_cat-gedeckter-tisch","8":"product_cat-home-living","9":"product_cat-tassen","10":"product_tag-kaffeetassen-set","11":"product_tag-spuelmaschinenfest","13":"first","14":"instock","15":"taxable","16":"shipping-taxable","17":"purchasable","18":"product-type-simple"},"_links":{"self":[{"href":"https:\/\/hohluk.bplaced.net\/uebungsshop\/wp-json\/wp\/v2\/product\/109","targetHints":{"allow":["GET"]}}],"collection":[{"href":"https:\/\/hohluk.bplaced.net\/uebungsshop\/wp-json\/wp\/v2\/product"}],"about":[{"href":"https:\/\/hohluk.bplaced.net\/uebungsshop\/wp-json\/wp\/v2\/types\/product"}],"replies":[{"embeddable":true,"href":"https:\/\/hohluk.bplaced.net\/uebungsshop\/wp-json\/wp\/v2\/comments?post=109"}],"wp:featuredmedia":[{"embeddable":true,"href":"https:\/\/hohluk.bplaced.net\/uebungsshop\/wp-json\/wp\/v2\/media\/111"}],"wp:attachment":[{"href":"https:\/\/hohluk.bplaced.net\/uebungsshop\/wp-json\/wp\/v2\/media?parent=109"}],"wp:term":[{"taxonomy":"product_brand","embeddable":true,"href":"https:\/\/hohluk.bplaced.net\/uebungsshop\/wp-json\/wp\/v2\/product_brand?post=109"},{"taxonomy":"product_cat","embeddable":true,"href":"https:\/\/hohluk.bplaced.net\/uebungsshop\/wp-json\/wp\/v2\/product_cat?post=109"},{"taxonomy":"product_tag","embeddable":true,"href":"https:\/\/hohluk.bplaced.net\/uebungsshop\/wp-json\/wp\/v2\/product_tag?post=109"}],"curies":[{"name":"wp","href":"https:\/\/api.w.org\/{rel}","templated":true}]}}